 (-5)/15. Let f = 213 - q. Is f a composite number?
False
Let m(w) = w**3 + 3*w**2 - 2. Let n be m(2). Let q = n + -15. Suppose 940 = -0*a + 5*a - q*k, -2*k + 774 = 4*a. Is a a prime number?
True
Suppose 0 = 4*q - 8. Suppose -5*n = 2*a - 2, -q*n = -0*n + 4*a + 12. Suppose -g - n = -159. Is g a prime number?
True
Suppose 3*l + m + 13 = 7*l, l - 27 = 5*m. Suppose 3*s = -l*s + 25. Suppose 189 = s*n - 196. Is n a prime number?
False
Suppose 0 = 5*k - 9*k - 28. Let x(o) = -o**3 + 7*o**2 + 6*o + 5. Is x(k) a composite number?
True
Let l(f) = 3*f**2 - 7*f - 10. Let q be l(-8). Suppose 5*j = -2*j + q. Is j prime?
False
Let j = 3 + 37. Suppose -5*b + 0*b = j. Let m = 491 - b. Is m prime?
True
Let u(p) = -p**2 + 8*p + 28. Let o be u(10). Let l(m) = 15*m**2 - 3*m - 3. Let a be l(-6). Suppose -5*y + o*y = a. Is y composite?
True
Let y = -107 + 31. Is y/2*(-37)/2 composite?
True
Let c be 1284 - (-2*2)/(-2). Let k = c + 2075. Is 4/(-14) - k/(-63) a composite number?
False
Let h(q) = -2*q**3 + 40*q**2 - 24*q - 25. Is h(18) a composite number?
False
Suppose z + 13 = -2*j, -j = -5*z - 7 - 14. Let b(m) = 9*m**2 - 11*m - 2*m**2 - 1 + 9*m. Is b(j) prime?
False
Let o be 2/6 + 75/45. Is -59*(-11 - -2) + o a prime number?
False
Let a = -26 + 12. Let n be (-20)/6 - a/(-21). Is 331 + (-8)/n*-1 prime?
False
Is -4559*(-8)/4 + -5 a prime number?
False
Suppose -23018 = -3*p - 4*d + 6361, 0 = -3*d. Is p prime?
False
Let b(m) = 345*m - 26. Suppose 0 = -11*k - 0*k + 33. Is b(k) a composite number?
False
Let y(x) = 144*x**2 + 1. Let f be 1 - (-2)/2 - 3. Let z = f - -2. Is y(z) a composite number?
True
Let t = -10798 - -24761. Is t a prime number?
True
Suppose -2*j + 7 = -3, 4*x - 4146 = 2*j. Is x a prime number?
True
Suppose -3*i + z + 8 + 7 = 0, -17 = -5*i - z. Is (-3 - -194 - -4) + i composite?
False
Let u be (-2)/(1 + 100/(-96)). Suppose u = -5*m + 9*m. Is m/30 + 5766/10 prime?
True
Let y(r) be the first derivative of 91*r**4/4 + r**3 - 5*r**2/2 + 5*r - 10. Let o be y(2). Let j = o - 148. Is j a prime number?
True
Let k(y) = -y**3 - 3*y**2 - 4*y - 18. Let j be (2 - 32/14) + (-78)/21. Is k(j) composite?
True
Let z(f) = f**2 + 133. Suppose 4*x - 8 = -c, -2*c = -0*c + x - 2. Suppose 3*w - q + 5 = c, 3*w - 3 = -q + 2. Is z(w) a prime number?
False
Let b(p) = -8*p**2 - 4*p + 7. Let l(g) = -32*g**2 - 16*g + 28. Let y(k) = -9*b(k) + 2*l(k). Is y(-6) composite?
False
Let d = 11 + -9. Suppose -12 = -3*u + q + 4*q, d*q = u - 4. Suppose u*j - 185 = -j. Is j a composite number?
False
Suppose -2*c = -3 - 1. Suppose c*x - 3*x = 152. Let z = 113 - x. Is z composite?
True
Let r be (-3338)/4 + 8/(80/(-15)). Let k = r - -1891. Is k a prime number?
False
Let d(v) = -15*v - 23. Let b be d(-2). Let y(z) = 3*z**2 + 11*z - 21. Is y(b) a prime number?
False
Suppose 0 = -2*c - 0*c - 4*t + 958, 2*c - 2*t - 958 = 0. Is c a prime number?
True
Suppose -5*u - 17186 = -b, -5*b + 68813 = -b + 3*u. Is b a composite number?
True
Suppose z = 5 - 21. Let f = z - -18. Suppose 5*u = l - 554, -2111 = -6*l + f*l - u. Is l prime?
False
Suppose 3*q = -5*u + 20881, u - 2*u = 5*q - 34831. Let z = q - 4658. Is z a composite number?
False
Is 6/(66/(-11)) - (-65712)/4 a prime number?
True
Suppose -76495 = -5*k - 15265. Let l = k + -6107. Is l a composite number?
True
Suppose -19*y = 38*y - 625461. Is y composite?
False
Let o be (0/(-1) + 0)/(-1). Let v(y) = -3*y**3 + 2*y**2 - 85. Let k(g) = 2*g**3 - g**2 + 86. Let i(z) = 4*k(z) + 3*v(z). Is i(o) prime?
True
Let u = 284 - 71. Suppose -5*m - 12 = -3*j, j - 6*j - 14 = 3*m. Is 2 + m - (-3 - u) a composite number?
True
Suppose -143439 = -4*c + 40949. Is c a prime number?
False
Let x be (10 + -64)*-1*1. Suppose 6*t + 0*t = x. Suppose -2*a + 158 = 2*y, 3*y = -a + t + 80. Is a a prime number?
False
Let r = -778 + 790. Let k(d) = -13 + 11*d**2 - 9*d - d**3 + 2*d**2 - 1. Is k(r) composite?
True
Suppose 5 = 6*z - 1. Suppose 0 = r + z - 308. Is r composite?
False
Let y be 4/10 - (-6)/(-15). Suppose y = -p + 1 + 1. Suppose -3*l - 2*m = -m - 266, -3*l + p*m + 251 = 0. Is l a prime number?
False
Let j(i) = 299*i - 3. Let x be j(8). Let a = -1658 + x. Is a a prime number?
False
Let r = 19914 - 13885. Is r a composite number?
False
Let k(o) = -2*o**3 - 4*o**2 + 21*o + 26. Is k(-11) prime?
True
Let q = 18 - 11. Suppose 5*g + q = 32. Suppose i + 152 = g*i. Is i composite?
True
Suppose 10 = 2*g, 0 = 2*f - 4*g - 1456 - 554. Let s be 2/1 + (0 - -2). Suppose s*c + c = f. Is c a composite number?
True
Let k be 44/10 + 14/(-35). Is (2 - (-426)/k)*2 a composite number?
True
Let k(a) = 264*a**2 - 55*a + 443. Is k(10) a composite number?
False
Let p(i) = -14*i**2 - 4*i - 4. Let f(b) = b**2. Let c(s) = -12*f(s) - p(s). Is c(-11) a prime number?
False
Suppose 6 - 15 = -3*m. Let b be (-2 + (-9)/m)*-1. Suppose 146 = o + b*q, 6*o - 5*q = 2*o + 509. Is o composite?
False
Is 77*44 + -6 + 3 prime?
False
Suppose 60 = -5*p - 5*z, 0*p - 3*z + 36 = -3*p. Let b(a) = -a**3 - 12*a**2 - 13*a - 6. Let o be b(p). Let n = 59 + o. Is n composite?
True
Let r = -1472 + 4081. Is r a composite number?
False
Suppose -3*b = -4*t + 20, t - 4 = b + 1. Let n(j) = -j**3 + 6*j**2 + 9*j - 9. Let c be n(7). Suppose b = c*u - 261 - 744. Is u prime?
False
Let i = -98 + 9. Let y = i - -312. Is y prime?
True
Let w(c) = -479*c + 42. Is w(-5) composite?
False
Suppose -4*d + 106 = -3*h, 0 = 2*h + 2 + 2. Let a = -6 + d. Is a prime?
True
Let a(r) = r**3 - 11*r**2 - 11*r - 16. Let j be a(12). Let i(w) = -2*w**2 - 10*w - 5. Let o be i(j). Suppose 0 = -6*k + o*k + 447. Is k a prime number?
True
Let r = -333 + 784. Is r a composite number?
True
Let q be (3/(-6))/(1/830). Let t(o) = -3*o**2 - 2*o - 5. Let k be t(9). Let x = k - q. Is x prime?
True
Suppose -3*m + 12*m = 693. Is m prime?
False
Let b = -89 + 103. Suppose -6*r = b*r - 37420. Is r a prime number?
True
Suppose -2*r + 6 = -2*g - 4*r, -2*r = -2*g + 14. Let c be (-61)/2 + g/(-4). Let i = c + 52. Is i a composite number?
True
Let l be -4 - (-3 + -4) - 1. Suppose l*d + 454 = 4*k, 4 - 1 = d. Is k a prime number?
False
Suppose 6*p - 2*p - r = 1437, 2*r = -5*p + 1780. Is p a prime number?
False
Suppose 0*i = -3*i + 6. Suppose -i*j - 3*t + 9011 = 0, -3*j + 10720 = 4*t - 2797. Is j a prime number?
True
Let b = -30 - -88. Let x = b - 5. Is x a prime number?
True
Let m = 3475 + 5910. Is m composite?
True
Let j = 5 - 11. Let l be (36/10)/(j/(-20)). Is (-339)/(-4) + 3/l a composite number?
True
Let z(b) = -b**3 + 5*b**2 - 2*b - 4. Let y be z(4). Suppose -y*m = -129 + 5. Is m a composite number?
False
Suppose 13*u - 119327 = -0*u. Is u a composite number?
True
Suppose -11*r + 13*r - 4 = 0. Let m(l) = -l + 4*l**2 - r*l - 14 - 3*l**3 + 2*l**3 - 15*l**2. Is m(-11) composite?
False
Let w = 243 + 223. Is w composite?
True
Suppose 166 + 52 = 2*d. Let m = d - 1228. Is m/9*-3 + -2 composite?
True
Let h(t) = t**3 + 7*t**2 - 7*t + 10. Let x be h(-8). Suppose -63 - 589 = -x*a. Is a a prime number?
False
Let a be (1 + (4 - 15))*4/(-10). Suppose 57 = a*g - 83. Is g a composite number?
True
Let s = 1282 + 424. Is s a prime number?
False
Let k(i) = -12*i**3 - 5*i**2 + 2*i - 7. Let r be k(-5). Suppose -9*y - r = -11*y. Is y a prime number?
False
Suppose -5*g - 2*s = -22, 0*g - g - 1 = -5*s. Suppose -g*b + 2*q = -42, -q = -4*q - 3. Is (104/10)/(4/b) composite?
True
Suppose k + 5*k = -66. Let t(x) = -x**3 + x**2 - 9*x + 8. Is t(k) composite?
False
Suppose -5*j = j - 11082. Is j composite?
False
Let x be 6 + 3 + 1 - 1. Let c = x - 5. Suppose c*w + 797 - 3985 = 0. Is w composite?
False
Is 3/(9/(-164))*(-31155)/620 a composite number?
True
Let x(w) = 217*w**2 + 6*w - 159. Is x(16) prime?
False
Let b(j) = -j**3 - 7*j**2 + 6*j + 1. Let p be b(-6). Let k be -4 + (-950)/30 + 1/(-3). Let m = k - p. Is m a prime number?
False
Let w(j) = 56*j**3 - 2*j**2 - j - 1. Is w(4) prime?
True
Suppose -s - s - 2448 = 0. Let b = s + 2318. Is b a prime number?
False
Let x(r) = 43*r + 5. Let k be 80/12 - 2/3. Is x(k) a prime number?
True
Let i(s) = 1104*s**2 - 32*s + 111. Is i(4) composite?
True
Let i = -995 + 1974. Let b = 1982 - i. Is b a prime number?
False
Let v = 20 - 16. Is -4 - 1203/(v - 7) a composite number?
False
Suppose -4*t + 127*u + 6123 = 132*u, -u + 1530 = t. Is t prime?
False
Let i = 6242 - 911. Is i prime?
False
Let